hat is s(-4)?
37
Let d(j) = -2*j**2 + 99*j - 313. Give d(46).
9
Let h(s) = -2*s**3 - 3*s**2 + 1. Determine h(-5).
176
Let c(o) = 5*o**3 + 18*o**2 + 9*o + 1. Give c(-3).
1
Let b(k) = -k**3 + k**2 - 2*k + 4. Calculate b(3).
-20
Let d(q) = 2*q - 2. Calculate d(-4).
-10
Let o(w) = -w**2 + 4*w + 1. Calculate o(3).
4
Let c(j) = j**3 - 7*j**2 - 28*j + 4. Give c(10).
24
Let b(z) = 3*z**2 - 2*z + 1. Give b(1).
2
Let b(j) = 2*j**2 - 36*j + 14. Determine b(15).
-76
Let a(r) = -2*r**2 + 1. What is a(1)?
-1
Let k(t) = -38*t - 233. Calculate k(-6).
-5
Let v(m) = -9*m - 17. Calculate v(-2).
1
Let f(w) = -2*w**3 - 3*w**2 + 3*w - 3. Calculate f(-3).
15
Let m(l) = -8*l**3 - l**2 + 2*l + 1. Determine m(-1).
6
Let g(k) = -k**2 - 34*k - 170. Determine g(-27).
19
Let h(f) = -8*f - 2. Give h(-2).
14
Let c(t) = 2*t**2 - 10*t - 19. Give c(7).
9
Let i(q) = -q**2 - 12*q - 32. Determine i(-13).
-45
Let q(v) = v**3 + 3*v**2 - 2*v + 4. Determine q(-5).
-36
Let k(g) = g**3 - 29*g**2 + 3*g - 64. Calculate k(29).
23
Let i(v) = -102*v - 4. Determine i(-1).
98
Let c(p) = p**2 + 15*p + 11. Give c(-13).
-15
Let n(q) = 2*q**2 + 3*q + 4. Determine n(-3).
13
Let m(v) = v**3 + 36*v**2 + 34*v - 53. Give m(-35).
-18
Let y(h) = -3*h**2 - h. Determine y(-1).
-2
Let f(t) = -2*t**2 - 14*t. Determine f(-6).
12
Let v(u) = u**2 - 8*u + 20. Calculate v(6).
8
Let s(q) = 10*q**2 - q + 1. Give s(2).
39
Let w(g) = -g**3 + 12*g**2 + 12*g + 7. What is w(13)?
-6
Let y(l) = 3*l + 5. Give y(10).
35
Let p(j) = -2*j**2 - 3*j. Calculate p(-2).
-2
Let b(r) = -3*r**2 - 24*r. Determine b(-8).
0
Let i(k) = k**2 + 17*k + 21. What is i(-10)?
-49
Let o(g) = 2*g**2 + 33*g + 4. Calculate o(-16).
-12
Let b(q) = q**3 + 21*q**2 + 30*q - 42. What is b(-19)?
110
Let h(r) = 24*r - 352. Give h(15).
8
Let l(x) = -x**3 - 18*x**2 - 19*x - 26. Give l(-17).
8
Let h(s) = -s**3 - 14*s**2 + 16*s - 2. Give h(-15).
-17
Let m(z) = -z**3 + 9*z**2 - 17*z + 14. Give m(6).
20
Let n(x) = 25*x + 379. Calculate n(-15).
4
Let i(k) = -5*k**2 + 48*k - 20. What is i(9)?
7
Let x(o) = 2*o**2 + 5*o - 6. Determine x(2).
12
Let j(v) = 28*v**2 - 3*v - 2. Calculate j(-1).
29
Let m(f) = -f**2 - 9*f + 2. Determine m(-4).
22
Let h(m) = 2*m**2 - 3. Determine h(-4).
29
Let c(f) = -36*f**2 - 1. What is c(1)?
-37
Let p(m) = 155*m**2 + 1. Give p(1).
156
Let w(n) = 5*n**2 - 2*n + 3. Determine w(-3).
54
Let q(c) = c - 5. Calculate q(2).
-3
Let l(m) = -m**2 + 6*m + 8. Give l(7).
1
Let x(v) = -v**3 - 16*v**2 + 8*v - 155. Give x(-17).
-2
Let b(u) = u**2 + 9*u - 20. Calculate b(-10).
-10
Let o(x) = -4*x**2 - 65*x - 245. What is o(-10)?
5
Let n(o) = 7*o + 26. Calculate n(-4).
-2
Let i(w) = w**3 - 10*w**2 + 14*w - 7. Determine i(9).
38
Let m(n) = -n**3 + 4*n**2 - 2. Give m(4).
-2
Let a(h) = -h**2 + 4*h + 9. What is a(6)?
-3
Let q(p) = -p**2 + 16*p - 2. Give q(16).
-2
Let f(s) = 2*s. Calculate f(-3).
-6
Let q(f) = -f**3 + 10*f**2 + f + 7. What is q(10)?
17
Let b(c) = c**2 - 2*c - 5. Determine b(6).
19
Let c(h) = -h**2 + 5*h. What is c(4)?
4
Let g(h) = -11*h**2 + h + 2. Calculate g(2).
-40
Let v(m) = 10*m**2 + 5*m - 11. What is v(-5)?
214
Let w(h) = 8*h**3 + 2*h**2 - 2*h + 1. Give w(1).
9
Let s(k) = k**3 + 8*k**2 + 10*k - 5. What is s(-7)?
-26
Let d(s) = s**3 + 3*s**2 + 3. Calculate d(-3).
3
Let d(b) = b**2 + 16*b - 70. Determine d(-20).
10
Let x(h) = -2*h**3 - 20*h**2 - 5*h - 23. Determine x(-10).
27
Let s(c) = c**3 + 9*c**2 + 9*c - 3. Give s(-8).
-11
Let n(t) = t**3 + 10*t**2 + 14*t - 6. Calculate n(-8).
10
Let p(k) = k**3 - 3*k**2 - k + 7. What is p(3)?
4
Let l(m) = -4*m**2 - 22*m - 1. Give l(-5).
9
Let o(t) = 4*t - 5. Give o(-4).
-21
Let v(q) = -4*q - 5. Calculate v(-1).
-1
Let q(s) = -s**2 + 26*s - 71. What is q(23)?
-2
Let l(a) = 2*a + 44. Give l(-19).
6
Let p(g) = -g**2 + 15*g - 19. Give p(9).
35
Let x(w) = -w**2 + 13*w - 28. Determine x(8).
12
Let h(o) = 5*o - 34. Determine h(8).
6
Let n(m) = -m**2 + 5*m - 3. Determine n(7).
-17
Let w(f) = f**2 - 9*f. Give w(9).
0
Let a(j) = -j**2 + 10*j + 5. Calculate a(11).
-6
Let p(u) = 19*u + 8. Determine p(-2).
-30
Let o(p) = 2*p + 99. Calculate o(-25).
49
Let t(k) = -k**3 + 4*k**2 + 3*k + 2. Give t(5).
-8
Let n(v) = -v**2 + 2*v - 10. Give n(10).
-90
Let o(i) = -i**2 + 8*i - 5. Calculate o(7).
2
Let s(y) = 5*y + 23. Calculate s(-7).
-12
Let i(g) = -g - 9. Determine i(-10).
1
Let c(m) = m**2 - 7*m - 22. What is c(-3)?
8
Let d(h) = -h**3 + 4*h**2 + 1. Determine d(4).
1
Let v(x) = -x**3 - 4*x**2 + x. What is v(-3)?
-12
Let s(v) = -v + 2. Calculate s(4).
-2
Let q(h) = h**3 + 5*h**2 - 9*h - 15. Determine q(-6).
3
Let y(q) = -q + 81. What is y(-6)?
87
Let w(p) = p**2 - 11*p + 7. What is w(11)?
7
Let c(z) = -z**3 + 11*z**2 - 4*z - 4. Calculate c(7).
164
Let g(n) = -n**3 + 6*n**2 - 10*n + 9. Determine g(4).
1
Let i(s) = -19*s + 2. Give i(-1).
21
Let v(m) = -3*m + 11. Calculate v(0).
11
Let a(s) = 2*s - 18. Calculate a(20).
22
Let m(q) = q**2 - 29*q - 63. Determine m(31).
-1
Let a(i) = -2*i**2 - 21*i + 14. Give a(-10).
24
Let b(j) = -j**3 + 6*j**2 - j + 2. Determine b(4).
30
Let s(v) = -20*v - 2. Calculate s(3).
-62
Let a(c) = c**3 - 3*c**2 - 4. Determine a(4).
12
Let g(h) = h**3 - 8*h**2 + 5*h + 4. Give g(2).
-10
Let p(o) = -17*o - 14. Give p(-4).
54
Let l(d) = 3*d**2 - d - 9. Calculate l(-4).
43
Let b(w) = 2*w**2 - 11*w - 9. Give b(6).
-3
Let x(j) = -j**2 + 17*j + 17. Calculate x(17).
17
Let x(a) = -15*a - 1. What is x(-3)?
44
Let y(f) = f**3 + 4*f**2 - 10*f + 9. Determine y(4).
97
Let k(t) = 9*t + 44. Give k(-4).
8
Let g(w) = -7*w + 33. Give g(5).
-2
Let m(r) = 2*r - 2. Give m(4).
6
Let a(m) = -7*m + 79. Determine a(6).
37
Let f(g) = g**3 - 7*g**2 - 10*g - 25. Calculate f(9).
47
Let n(v) = v**2 - 10*v + 13. What is n(11)?
24
Let o(z) = -3*z - 34. What is o(-7)?
-13
Let f(v) = -2*v + 29. Determine f(15).
-1
Let i(u) = u**2 + 11*u - 2. Determine i(-13).
24
Let k(t) = -t**2 - 10*t + 7. Give k(-7).
28
Let y(z) = -z**3 - 6*z**2 - 7*z - 6. Calculate y(-5).
4
Let a(p) = 3*p + 25. Calculate a(-10).
-5
Let c(l) = l**3 - 6*l**2 - l - 7. Calculate c(7).
35
Let b(z) = -20*z**2 - 2*z. Calculate b(2).
-84
Let c(r) = 19*r - 26. Calculate c(1).
-7
Let q(x) = -7*x + 34. Calculate q(6).
-8
Let i(y) = y**2 - 5*y + 3. Calculate i(5).
3
Let k(z) = z**3 - 2*z**2 - 20*z - 22. Give k(6).
2
Let u(q) = 6*q + 32. Give u(-5).
2
Let j(z) = -2*z**2 - 8*z - 5. Give j(-5).
-15
Let j(o) = o**2 - 10. Determine j(-4).
6
Let p(w) = -w**3 - 34*w**2 + 32*w - 105. Calculate p(-35).
0
Let t(u) = -4*u**2 - 4*u + 1. What is t(-2)?
-7
Let u(a) = 12*a - 3. Calculate u(1).
9
Let w(r) = r**2 + 77*r - 157. Calculate w(-79).
1
Let d(u) = 2*u**3 + 6*u**2 - 7*u - 1. Calculate d(-4).
-5
Let r(t) = t**2 - 13*t + 13. Determine r(11).
-9
Let o(r) = 7*r + 284. Calculate o(-41).
-3
Let r(w) = 7*w**2 - 24*w - 48. Determine r(-2).
28
Let b(g) = g**2 + 3*g - 15. Determine b(-8).
25
Let f(t) = 6*t**2 + 7*t - 13. Give f(3).
62
Let b(k) = 2*k**3 + 43*k**2 + 128*k + 44. Calculate b(-18).
8
Let g(o) = 12*o + 222. Give g(-18).
6
Let u(c) = 4*c - 51. Calculate u(15).
9
Let k(h) = -5*h**2 - 3*h + 5. Give k(2).
-21
Let z(h) = h**3 + 3*h**2 - 6*h - 17. Determine z(-5).
-37
Let k(u) = 3*u**3 - 2*u + 5. Calculate k(3).
80
Let s(x) = x**2 - 18*x + 12. Calculate s(15).
-33
Let m(i) = -4*i + 16. Determine m(2).
8
Let v(m) = 2*m**3 + m - 1. Give v(1).
2
Let p(n) = -4*n - 23. What is p(-5)?
-3
Let p(c) = -c**3 + 12*c**2 - 22*c + 10. Give p(10).
-10
Let v(n) = 3*n - 4. What is v(0)?
-4
Let t(n) = -57*n - 220. Give t(-4).
8
Let h(v) = -v**3 - 11*v**2 - 23*v + 4. Determine h(-10).
134
Let i(q) = -3*q**3 - 3*q**2 - 3*q. Calculate i(-2).
18
Let k(i) = i - 9. Determine k(-5).
-14
Let h(j) = j**2 - 17*j + 15. What is h(17)?
15
Let u(g) = -10*g - 85. What is u(-4)?
-45
Let n(k) = -k - 5. What is n(-10)?
5
Let j(y) = -y + 32. Determine j(13).
19
Let u(x) = 2*x**3 - 4*x**2 + 14*x - 5. Calculate u(2).
23
Let h(a) = a**2 + 161*a - 661. Calculate h(4).
-1
Let a(l) = 4*l**2 + 51*l + 6. Determine a(-13).
19
Let b(t) = 40*t - 9. Calculate b(-2).
-89
Let u(p) = -p**2 + 9*p - 9. Determine u(10).
-19
Let g(u) = -24*u + 92. Determine g(7).
-76
Let y(f) = f**2 + 3*f - 2. Give y(-5).
8
Let v(c) = -c**3 - c**2 + 3*c - 89. Determine v(0).
-89
Let o(a) = -29*a - 47. Calculate o(-4).
69
Let z(i) = -3*i**2 + 34*i + 25. Wha